00222011
In base 6, what is -332242 - -5144?
-323054
In base 10, what is 256 - -599920?
600176
In base 4, what is -21103000310212 + 2?
-21103000310210
In base 12, what is 12 + -7b5a970?
-7b5a95a
In base 8, what is 2 - -301121513?
301121515
In base 3, what is -211012101 + -1021122?
-212111000
In base 8, what is -4124 + 511233?
505107
In base 5, what is -30214 - -312340?
232121
In base 6, what is -1531545 - 24?
-1532013
In base 14, what is cb15 + 444d?
13164
In base 13, what is -6669b + 2c?
-6666c
In base 9, what is 5 + -347861355?
-347861350
In base 10, what is 110952 + 13?
110965
In base 5, what is -3312240 + -1310?
-3314100
In base 4, what is -30201110113132 + 0?
-30201110113132
In base 7, what is 13362 - 6600?
3462
In base 13, what is -5b0227a + 4?
-5b02276
In base 9, what is 1 + -246060670?
-246060668
In base 13, what is c0484 + 274?
c0728
In base 4, what is -3 - -1132333102221?
1132333102212
In base 2, what is -110110101 - 100110110011100?
-100111101010001
In base 2, what is 11 - -1000000101011100001110111?
1000000101011100001111010
In base 7, what is -5 + -2206412520?
-2206412525
In base 16, what is 11f2f - -c72?
12ba1
In base 15, what is 2 + 6d3d3?
6d3d5
In base 10, what is 44 - 3818976?
-3818932
In base 3, what is -12200200002012 - 11222?
-12200200021011
In base 2, what is -100111001101001 - -1100101001?
-100101101000000
In base 10, what is 1 - -1896838?
1896839
In base 9, what is 18862 - 1350?
17512
In base 4, what is -22 - -20032223003?
20032222321
In base 16, what is -2 + 72d9c?
72d9a
In base 16, what is fc9 + -de?
eeb
In base 15, what is 27799 + -126?
27673
In base 4, what is 0 - -32132001200?
32132001200
In base 11, what is -5a657171 + 5?
-5a657167
In base 11, what is -5 + -1007594?
-1007599
In base 11, what is -56 + 125201a?
1251a74
In base 6, what is -45402104 - 244?
-45402352
In base 5, what is 133 + -122444143?
-122444010
In base 4, what is -101022 + 223012100?
222311012
In base 7, what is 1130456306 + -3?
1130456303
In base 9, what is -2 + 316114857?
316114855
In base 7, what is -30320155 - -425?
-30316430
In base 5, what is 24211 - -111343?
141104
In base 4, what is 1013 - -2333320?
3000333
In base 15, what is 15ca004 + -6?
15c9eed
In base 10, what is -8235179 + 2?
-8235177
In base 12, what is -295 - 162954?
-163029
In base 14, what is -271a13b5 - 4?
-271a13b9
In base 13, what is 0 - -126c33c?
126c33c
In base 11, what is -464986 - 12?
-464998
In base 14, what is -2 + 206d64?
206d62
In base 12, what is -66 - -a55a?
a4b4
In base 4, what is -12301 + -12030110?
-12103011
In base 9, what is -164054840 + 7?
-164054832
In base 16, what is -25f8 + -3535?
-5b2d
In base 14, what is 5 - 5a9a26?
-5a9a21
In base 6, what is 15 + -152114300?
-152114241
In base 15, what is -1d599 - -3?
-1d596
In base 2, what is -100 - 1110101010101101011010000?
-1110101010101101011010100
In base 4, what is 2 + 2031100230130?
2031100230132
In base 6, what is 4 - 1535322140?
-1535322132
In base 15, what is b14ace - 1?
b14acd
In base 9, what is -437 - 5125?
-5563
In base 10, what is -3585489 + -18?
-3585507
In base 4, what is 103032 + 2333332?
3103030
In base 7, what is -144150 + 124?
-144023
In base 8, what is 331717 - -1351?
333270
In base 12, what is -5168a7 - 3?
-5168aa
In base 14, what is -4d48db + 5?
-4d48d6
In base 8, what is 3 - 6645?
-6642
In base 11, what is -1 + -114883867?
-114883868
In base 11, what is -20221 + -258?
-20479
In base 11, what is 3 + 522903?
522906
In base 15, what is -163c57 + -1?
-163c58
In base 10, what is -145 + 103631?
103486
In base 7, what is 5 + 1255406300?
1255406305
In base 5, what is -14413 - -41441?
22023
In base 8, what is -254 - -321271?
321015
In base 13, what is -4b - 18609?
-18657
In base 7, what is -451462601 - 10?
-451462611
In base 7, what is 25302110 - -3?
25302113
In base 5, what is -44434024 + 3111?
-44430413
In base 3, what is -21211 - -1121002201211?
1121002110000
In base 12, what is -115 + -a52?
-b67
In base 12, what is b2104b - -49?
b21098
In base 6, what is 452 - 11311352?
-11310500
In base 6, what is -11210043425 + 3?
-11210043422
In base 3, what is 121110001 + -1021010?
120011221
In base 9, what is 3333 - -14566?
18010
In base 15, what is 2e96 - 1c71?
1225
In base 12, what is -90114 - -23?
-900b1
In base 7, what is -313102246 - -4?
-313102242
In base 5, what is -22 + -3113122044?
-3113122121
In base 11, what is -1 - 95165a?
-951660
In base 16, what is -1326e4 - c?
-1326f0
In base 7, what is 3125064 - -121?
3125215
In base 10, what is -3 + 1378136?
1378133
In base 11, what is -59692 - 16?
-596a8
In base 15, what is 5 - -cb1ee?
cb204
In base 7, what is -4 + -100342235?
-100342242
In base 2, what is 1110100011011110001 + 10001011?
1110100011101111100
In base 9, what is -185877428 + 2?
-185877426
In base 14, what is 2d2da + 21?
2d31b
In base 15, what is 7929930b - 3?
79299308
In base 4, what is 122202332 + -130?
122202202
In base 16, what is a2 - -a27f?
a321
In base 4, what is 322322231 + -1001?
322321230
In base 11, what is 4384 - a22a?
-5956
In base 2, what is 1001100110 + -10111101100011000?
-10111100010110010
In base 3, what is -10010110210221 - -122?
-10010110210022
In base 6, what is 12 + -11355443?
-11355431
In base 9, what is -566 - 17674?
-18351
In base 6, what is -5 - 13425533452?
-13425533501
In base 3, what is 1211221102 + -11010?
1211210022
In base 2, what is -10101101111111111101010 - 0?
-10101101111111111101010
In base 2, what is 1010100001110010 - -1111?
1010100010000001
In base 6, what is -14022 - -313241?
255215
In base 9, what is 1204364 - -83?
1204457
In base 11, what is -974135843 + 2?
-974135841
In base 4, what is 3122210 + 30332?
3213202
In base 2, what is 11011100100001111000110 + -11?
11011100100001111000011
In base 14, what is 3 + 267312?
267315
In base 15, what is 1e32 + 5e?
1e91
In base 8, what is 2 + -6647762?
-6647760
In base 4, what is 3221323 + -20103003?
-10221020
In base 14, what is -2c - -57779?
5774b
In base 14, what is 1 + 1c66b6c8?
1c66b6c9
In base 10, what is 17 - 1309082?
-1309065
In base 4, what is -10 + 1013233032?
1013233022
In base 4, what is 123210 + -332111?
-202301
In base 15, what is -7762c62 + -3?
-7762c65
In base 11, what is 33749a7 - -4?
3374a00
In base 2, what is 10111011001000100101110010011 - 100?
10111011001000100101110001111
In base 2, what is -10001101100010 - -1010100000011010?
1000010010111000
In base 6, what is -2 - -52030152153?
52030152151
In base 13, what is -372 + -803689?
-803a2b
In base 2, what is 10010 + 111010001001101100?
111010001001111110
In base 9, what is -35823345 - -18?
-35823326
In base 3, what is -122 + -11110122220021?
-11110122220220
In base 16, what is 38fc6d3 + 0?
38fc6d3
In base 7, what is -5 + -2251415024?
-2251415032
In base 8, what is -10411 + -755?
-11366
In base 15, what is -bd8 + 216?
-9c2
In base 7, what is -3 - -1313155331?
1313155325
In base 9, what is 20217 - 14444?
4663
In base 8, what is 7 - 3561474?
-3561465
In base 12, what is 4 - 1473435?
-1473431
In base 9, what is -2 - 37031418?
-37031421
In base 5, what is -20340343 - -32?
-20340311
In base 13, what is 0 - -903bb4c?
903bb4c
In base 11, what is -1843287a - -9?
-18432871
In base 8, what is 164305750 + 0?
164305750
In base 3, what is 110 + 220100022022111?
220100022022221
In base 16, what is -47321a + -5?
-47321f
In base 16, what is -688 + -3bd75?
-3c3fd
In base 14, what is 5 - -5646?
564b
In base 6, what is -1052333215 - -151?
-1052333024
In base 11, what is 53952a0 - a?
5395291
In base 12, what is b2b5a - -42?
b2ba0
In base 11, what is -99 + -82500?
-82599
In base 16, what is 5 + 66aec84?
66aec89
In base 10, what is 943825 + 14?
943839
In base 13, what is -4 - -54ac3b?
54ac37
In base 6, what is -232154411 - 14?
-232154425
In base 15, what is 26c95 - -370?
27115
In base 6, what is 0 + -13555130522?
-13555130522
In base 15, what is 19c - 150436?
-150289
In base 15, what is 0 - -3b03ae?
3b03ae
In base 6, what is -3234400 + 214?
-3234142
In base 5, what is 10120 + -1013012?
-1002342
In base 11, what is 229a18 + -261?
229767
In base 10, what is -414 - 5628?
-6042
In base 13, what is -29 - -1c0548?
1c051c
In base 5, what is 304 - -13202323?
13203132
In base 12, what is -1 + 42983617?
42983616
In base 10, what is -289722171 - 1?
-289722172
In base 4, what is 30231